ainder when 1616777 is divided by 1450?
27
What is the remainder when 59890 is divided by 1916?
494
What is the remainder when 3277503 is divided by 234107?
5
What is the remainder when 23557929 is divided by 4365?
24
What is the remainder when 149270 is divided by 261?
239
What is the remainder when 183041 is divided by 4693?
14
Calculate the remainder when 15522 is divided by 12982.
2540
What is the remainder when 46013217 is divided by 23006608?
1
What is the remainder when 14656624 is divided by 87?
82
Calculate the remainder when 2584859 is divided by 134.
133
What is the remainder when 168520 is divided by 15048?
2992
What is the remainder when 2726758 is divided by 1509?
1504
What is the remainder when 112967 is divided by 14083?
303
Calculate the remainder when 241014 is divided by 21578.
3656
What is the remainder when 623217 is divided by 3824?
3729
Calculate the remainder when 55284425 is divided by 7688.
17
What is the remainder when 984038 is divided by 70256?
454
What is the remainder when 3812389 is divided by 413?
399
What is the remainder when 229225 is divided by 56?
17
What is the remainder when 41166866 is divided by 4734?
2
What is the remainder when 235600446 is divided by 7?
4
Calculate the remainder when 10706601 is divided by 13639.
13625
Calculate the remainder when 1951052 is divided by 797.
793
Calculate the remainder when 290938 is divided by 470.
8
What is the remainder when 113351732 is divided by 649?
637
What is the remainder when 68290 is divided by 1417?
274
Calculate the remainder when 11227214 is divided by 50.
14
What is the remainder when 1066096 is divided by 1065881?
215
What is the remainder when 578636032 is divided by 914?
912
Calculate the remainder when 711166 is divided by 3.
1
What is the remainder when 760133 is divided by 308?
297
What is the remainder when 54299 is divided by 5394?
359
What is the remainder when 508054 is divided by 688?
310
Calculate the remainder when 2960697 is divided by 28.
5
What is the remainder when 1650496 is divided by 920?
16
Calculate the remainder when 83787 is divided by 20913.
135
What is the remainder when 588830 is divided by 2517?
2369
Calculate the remainder when 49339 is divided by 4458.
301
Calculate the remainder when 2603256 is divided by 60.
36
Calculate the remainder when 5000156 is divided by 6297.
338
Calculate the remainder when 813835 is divided by 125.
85
What is the remainder when 2464972 is divided by 821595?
187
What is the remainder when 465973 is divided by 12248?
549
Calculate the remainder when 3223578 is divided by 3223426.
152
Calculate the remainder when 1364835 is divided by 71.
2
What is the remainder when 107757416 is divided by 264?
8
Calculate the remainder when 18007541 is divided by 795.
791
Calculate the remainder when 31545 is divided by 2340.
1125
Calculate the remainder when 415357 is divided by 254.
67
Calculate the remainder when 198417 is divided by 1002.
21
What is the remainder when 40092 is divided by 39718?
374
What is the remainder when 12647080 is divided by 1264707?
10
What is the remainder when 88715 is divided by 5516?
459
Calculate the remainder when 4648545 is divided by 177.
171
Calculate the remainder when 26101 is divided by 2299.
812
Calculate the remainder when 776294 is divided by 8587.
3464
What is the remainder when 6928308 is divided by 2309403?
99
What is the remainder when 21573 is divided by 505?
363
What is the remainder when 22195 is divided by 11042?
111
What is the remainder when 11776263 is divided by 35?
23
Calculate the remainder when 642146 is divided by 41.
4
What is the remainder when 6669820 is divided by 84?
52
What is the remainder when 153663 is divided by 11739?
1056
What is the remainder when 45138 is divided by 45057?
81
What is the remainder when 505357226 is divided by 101071444?
6
What is the remainder when 327475 is divided by 109117?
124
Calculate the remainder when 28893862 is divided by 42058.
16
Calculate the remainder when 2676297 is divided by 527.
191
Calculate the remainder when 62489 is divided by 5459.
2440
Calculate the remainder when 6987492 is divided by 232.
116
Calculate the remainder when 4163317 is divided by 4927.
2
Calculate the remainder when 148093 is divided by 13384.
869
What is the remainder when 49131013 is divided by 361?
357
Calculate the remainder when 2719467 is divided by 1049.
459
What is the remainder when 508508 is divided by 422?
420
What is the remainder when 90411 is divided by 11288?
107
What is the remainder when 1707407413 is divided by 105?
103
Calculate the remainder when 2440995 is divided by 804.
51
What is the remainder when 16917813 is divided by 8?
5
Calculate the remainder when 147192 is divided by 3344.
56
What is the remainder when 92006 is divided by 5043?
1232
What is the remainder when 103948 is divided by 105?
103
Calculate the remainder when 14940823 is divided by 235.
228
Calculate the remainder when 809955 is divided by 2547.
9
What is the remainder when 63684410 is divided by 64?
58
Calculate the remainder when 115338 is divided by 2109.
1452
Calculate the remainder when 3456552 is divided by 1043.
50
What is the remainder when 7145337 is divided by 6?
3
What is the remainder when 979935 is divided by 2367?
2364
What is the remainder when 6302486 is divided by 61789?
8
What is the remainder when 18968 is divided by 827?
774
What is the remainder when 73818 is divided by 4392?
3546
Calculate the remainder when 134275979 is divided by 3701.
3699
What is the remainder when 421766 is divided by 94?
82
Calculate the remainder when 7935666 is divided by 7935575.
91
What is the remainder when 159917 is divided by 878?
121
Calculate the remainder when 66691115 is divided by 57.
32
What is the remainder when 189023 is divided by 62924?
251
Calculate the remainder when 1115530 is divided by 43.
24
What is the remainder when 32783601 is divided by 109?
107
Calculate the remainder when 1649084 is divided by 19398.
254
Calculate the remainder when 2894502 is divided by 213.
45
Calculate the remainder when 5661322 is divided by 76.
6
What is the remainder when 219105 is divided by 796?
205
Calculate the remainder when 1461584 is divided by 14.
12
Calculate the remainder when 37204953 is divided by 6362.
6339
Calculate the remainder when 112785 is divided by 1736.
1681
Calculate the remainder when 518006 is divided by 739.
706
What is the remainder when 2310813 is divided by 154052?
33
What is the remainder when 43001147 is divided by 1387133?
24
Calculate the remainder when 1128111042 is divided by 13.
6
Calculate the remainder when 2123647 is divided by 154.
141
Calculate the remainder when 6318502 is divided by 702044.
106
Calculate the remainder when 150344914 is divided by 50114962.
28
What is the remainder when 446234 is divided by 63728?
138
What is the remainder when 100105 is divided by 19906?
575
Calculate the remainder when 42153529 is divided by 21076713.
103
What is the remainder when 237356877 is divided by 3878?
9
What is the remainder when 484341 is divided by 96843?
126
What is the remainder when 4114729 is divided by 1371526?
151
Calculate the remainder when 243404 is divided by 3165.
2864
Calculate the remainder when 1715696 is divided by 193.
119
Calculate the remainder when 4980989 is divided by 1660329.
2
Calculate the remainder when 1875193 is divided by 371.
159
Calculate the remainder when 5205014 is divided by 473182.
12
Calculate the remainder when 8096 is divided by 6108.
1988
What is the remainder when 448656 is divided by 162?
78
Calculate the remainder when 12599956 is divided by 1171.
1167
What is the remainder when 49594481 is divided by 191?
185
What is the remainder when 1807714 is divided by 200857?
1
Calculate the remainder when 2032497 is divided by 1626.
1623
What is the remainder when 167024 is divided by 802?
208
What is the remainder when 762140 is divided by 84681?
11
Calculate the remainder when 45198 is divided by 1058.
762
Calculate the remainder when 221472 is divided by 14.
6
Calculate the remainder when 8495534 is divided by 2533.
2385
What is the remainder when 4928064 is divided by 1129?
1108
Calculate the remainder when 1108615 is divided by 3029.
1
Calculate the remainder when 54960